 - 108 = 0. Let p(k) = -3 + q*k + 34*k + 1. Is p(1) prime?
False
Let l(p) = -3919*p + 64. Is l(-3) a prime number?
True
Suppose y - 3*w = -0*y + 3161, -y - 4*w = -3147. Suppose -4*b - b = -y. Is b a prime number?
True
Let k = -10 - -15. Suppose k*q - 301 - 874 = 0. Let v = q - 116. Is v a prime number?
False
Is ((-8)/12 - -1) + (-1238)/(-3) a prime number?
False
Suppose -4*o + 2*p - 6 = 0, -4*o + o + 2*p - 7 = 0. Let t = 120 - o. Is t a prime number?
False
Suppose -66*g = -52*g - 5194. Is g a composite number?
True
Suppose -f + 2*k = 5, 4*f - k = -1 + 9. Suppose 4*y - 3*n - 12390 = 0, 0*y - f*y + 3*n + 9291 = 0. Is y a composite number?
True
Is 4/(-18) - 1516208/(-144) a composite number?
False
Let q = -18320 - -55960. Is 4/(-3) - q/(-24) composite?
False
Let m = 761 - 335. Let h = m - 219. Let n = h - -86. Is n a prime number?
True
Suppose -3*c - 4*s = -41925, 4*s = 4*c - 2480 - 53392. Is c a composite number?
True
Let k(n) = 24*n**2 - n - 14*n**2 + 1 - n. Is k(3) prime?
False
Suppose -17 = 3*x - 2*q + 14, 23 = -4*x - q. Is (-72)/(-126) + (-59)/x a composite number?
True
Let d(v) = 3233*v**2 + 6*v - 15. Is d(2) composite?
True
Suppose -3*c + 71 = -4*z - 1, -50 = 2*z - 5*c. Let x = z - -9. Is ((-66)/(-8))/(x/(-88)) a prime number?
False
Let a = 84 + -259. Let x = a - -477. Is (-3 - -7) + x + 1 a composite number?
False
Let s(b) = -2*b + 10. Let y be s(5). Suppose w - 844 + 189 = 0. Suppose y*j - w = -j. Is j composite?
True
Let u = -25 - -29. Suppose j - 12 = -2*b, 2*j = j - u*b + 22. Suppose -4*l - 4*g + 452 = 0, j*g = -l - 3*l + 452. Is l a prime number?
True
Let d be 4 - ((-2 - 2) + 1). Let w be -3 + 0 + d + 0. Suppose -1325 = -9*v + w*v. Is v a prime number?
False
Let t be (3 + -4)*(3 + 1). Let v be -1*3*4/t. Suppose 0 = 2*w - v*w + 553. Is w prime?
False
Suppose 17 - 5 = 3*r. Suppose -2*c = -r*u + 1354, -2*u - 5*c + 588 = -71. Suppose 224 = 3*m - u. Is m prime?
False
Suppose 17*w - 413185 = -0*w. Is w composite?
True
Let l be 2*4/(-8) + 13. Suppose -2517 = -l*x + 9*x. Is x a prime number?
True
Let v = 141 + -232. Let s = v + 922. Is s composite?
True
Let m = 3 + -7. Let j(x) = 2329*x - 5. Let z be j(-1). Is z/(-54) + m/18 composite?
False
Let j(k) = k**3 - 5*k**2 - k + 6469. Is j(0) a prime number?
True
Let d(y) = 17*y - 8. Let a be ((-7)/(-2))/(-7)*-10. Is d(a) composite?
True
Is (-904035)/(-396) + (-1)/(-12) composite?
True
Suppose -4*b + 5*y - 9165 = -9*b, 0 = y + 5. Is b a prime number?
False
Let x(h) = -853*h + 125. Is x(-18) prime?
False
Let i = 25 - 23. Suppose -38 - 28 = i*p. Is p*(22/6 + -4) composite?
False
Let x(z) = -2*z - 8. Let a be (4 + -3)*-4 + -2. Let y be x(a). Suppose -l = 5*r - 1445, -283 = -r - y*l + 6. Is r prime?
False
Let g(k) be the second derivative of 5*k**4/2 + k**3/6 - 2*k. Let z = 60 - 59. Is g(z) composite?
False
Let r be (-416)/(-48) - (-2)/(-3). Let h(u) = 8*u**2 - 8*u - 5. Is h(r) a prime number?
True
Is (-330)/(-198) - (-361892)/6 composite?
False
Let f(r) be the first derivative of 5*r**3/3 - r**2 + r + 1. Let p be f(1). Is (-29432)/(-72) - p/(-18) prime?
True
Suppose -4722 = -2*z - y, z - 7083 = -2*z + 5*y. Is z a composite number?
True
Suppose 14 = -c - 3. Is (2/10)/(c/(-128435)) composite?
False
Let s(h) = h**3 + 15*h**2 + 10*h. Let o be s(-7). Let g = -603 + o. Is (-6)/4 + g/(-2) prime?
True
Let r(u) = -24*u + 22. Let m be r(9). Let v = -105 - m. Is v a prime number?
True
Let j(y) = y**3 - 5*y**2 - 5*y - 10. Let d be j(6). Let k(n) = -412*n - 11. Is k(d) a composite number?
False
Suppose 0 = 13*j - 259288 - 57327. Is j composite?
True
Is (-1)/6 + (-240734)/(-156) prime?
True
Suppose 0 = 2*p - 4. Suppose 5*y - 3*g = p - 3, -3*y = -3*g + 3. Is -2*(-449)/2*y composite?
False
Let t(x) = 2*x**2 + 23*x + 13. Let z be t(-11). Suppose -z*g + 914 = 92. Is g composite?
True
Suppose 2*a = -2*a + 2*m - 1892, -2*a - 4*m - 956 = 0. Let v = a - -916. Suppose -3*y + y = -v. Is y composite?
True
Suppose -3*c + 2 - 11 = 0, -r + 3*c = -11. Suppose 0 = -r*o + 5*a + 1388, -5*o + 5*a - 4*a + 3493 = 0. Is o a prime number?
False
Let k(s) = -s**2 + s + 4. Suppose 0 = 4*w - 4*j - 16, -4*w - j = -w + 4. Let n be k(w). Suppose -l - 177 = -n*l. Is l composite?
False
Let c = -8900 + 27783. Is c composite?
True
Suppose -2*o - 4*i + 91 + 131 = 0, 4*o = 4*i + 492. Suppose v - 4 - 1 = 0. Suppose -o = -2*z - v*q, 5*z = z + q + 271. Is z composite?
False
Is (-7 - -6)/((-4)/8180) a composite number?
True
Suppose -3*s - 3*u + 33804 = s, -u - 4 = 0. Let m = s - 5095. Is m prime?
True
Suppose -5*a - 68 + 203 = 0. Suppose -2*z - 20 = 2*h + 3*h, a = -h - 5*z. Is 11533/13 + h/13 a prime number?
True
Let s = -39 + -17. Let k = 93 + s. Is k a composite number?
False
Let g(o) = 4*o - 33*o**2 + 35*o**2 - 4*o + 4*o - 3. Let y(d) = d**2 + 3*d - 3. Let r(j) = 3*g(j) - 4*y(j). Is r(-4) prime?
False
Let r(w) = 276*w**2 - 38*w - 29. Is r(15) composite?
True
Let o(l) = -10007*l**3 - 2*l**2 - 6*l - 4. Is o(-1) a prime number?
True
Suppose -42*b - 10460 = -81566. Is b a prime number?
True
Suppose -5435 = -14*u + 1271. Is u prime?
True
Let q = 15 - -5. Suppose -5*p - 5*n + 40 = -q, -6 = -3*n. Is (-845)/p*2*-1 a prime number?
False
Suppose u + 1 = -x - 3, 0 = 5*u + 20. Suppose x = k - 4*o - 299, 5*k - 5*o - 1904 = -379. Is k composite?
False
Suppose 6*z - 1706 = 808. Is z prime?
True
Let p(k) be the third derivative of 209*k**6/120 - k**4/4 + k**3/2 - 10*k**2. Let c be p(2). Suppose 6*o - 2*d - c = o, -o + 339 = -2*d. Is o prime?
True
Suppose -5 + 2 = -q. Suppose q*a = -3*a + 2124. Suppose 5*x - 2*o - 825 = 0, 2*x - a = o - 5*o. Is x prime?
True
Suppose -2*q + q + 1 = 0. Is (-2504)/(-16) - q/(-2) prime?
True
Let k(h) = -3*h + 0 + 10*h + 4. Let f be (-1 - 1)*(-50)/20. Is k(f) composite?
True
Let b = -14 + 9. Let z be ((-28)/b)/(-2)*5. Is 9/21 - 1828/z a prime number?
True
Let t = 78 + 84. Let u = -73 + t. Is u a composite number?
False
Let z be 0 + ((1 + -1)/1)/2. Suppose 2*n + 4085 = 3*p - z*p, 3*n = -p + 1358. Is p composite?
False
Suppose -15 = -3*x + 5*v, 2*x + 0*x - 5*v = 10. Suppose 4*w - 7638 = -5*t, -2*t + 4*w - 6112 = -6*t. Suppose 431 = -x*u + t. Is u a composite number?
True
Let j be (-2)/(-12) + 184/48. Suppose -4*i - 5*f = -0 - 5, 4*f - 4 = -j*i. Suppose 97 = q - i*q. Is q a prime number?
True
Suppose 0 = 3*a - 5*r + 35, -5*a - 4*r = 40 + 6. Let p = a + 69. Is p composite?
False
Suppose -z = -2*w - 22, 3*w + 36 = -0*w + 3*z. Let a(r) = 2*r**2 - 17*r - 17. Is a(w) a prime number?
True
Suppose 5*o = -2*q + 5 - 0, 0 = -q + 2*o + 7. Suppose -460 - 380 = -q*k. Let v = 43 + k. Is v a prime number?
True
Let v(b) = 17*b**2. Let i be v(3). Let r = 261 - i. Suppose 2*f = r + 34. Is f a composite number?
False
Let p = -1840 + 6093. Suppose 718 = 3*s - p. Is s a composite number?
False
Suppose 57 = 123*q - 122*q. Is q a prime number?
False
Suppose 5*g + 42 + 38 = 0. Let p be (-66)/g - (-11)/(-88). Suppose p*f - 244 = 264. Is f composite?
False
Let q be 2/3*(55/10 + -1). Suppose 797 = 3*u + 4*b, 0 = -u + q*u - 5*b - 539. Is u prime?
False
Let n be 2 + (-4)/10 + 57276/(-60). Let i = 198 - n. Is i a prime number?
True
Let z(c) = -4*c**3 - 22*c**2 + 9*c + 24. Let p(x) = 7*x**3 + 43*x**2 - 19*x - 49. Let l(b) = -3*p(b) - 5*z(b). Is l(-20) composite?
True
Suppose -17 + 2 = -5*q. Suppose 0 = -3*w - 0*w + 1896. Suppose -u + 8*r + 158 = q*r, 4*u = r + w. Is u prime?
False
Suppose 248 = -4*h - 0*h. Suppose -y + 2*p - 611 = 4*y, 5*y = 5*p - 620. Let s = h - y. Is s a prime number?
True
Suppose 6*q + 3*c = 10*q - 24932, 4*q - 24932 = -4*c. Is q a prime number?
False
Let m = 33 - 21. Suppose 0 = -m*r + 7*r + 15. Suppose 0 = 4*b + r*f - 1613, -5*f = -4*b + b + 1246. Is b a prime number?
False
Let g = 673 + 808. Is g prime?
True
Let d be 57/(-6)*(-1 - 139)*1. Let o = d - 572. Is o prime?
False
Let w = -12 + 17. Let h(r) = -4*r + w*r**3 + 1 + 14*r**2 - 4*r**3 - 14. Is h(-10) composite?
True
Let a(c) = c**2 + 6*c - 2. Let z be a(-6). Let m be 52 + -1 + z + 4. Suppose 0*h + h - m = 0. Is h prime?
True
Let i(k) = 4*k**3 - 2*k**2 + 15*k - 26. Is i(5) a composite number?
False
Let s(a) = 111*a**2 + 4*a + 4. Let o be (-21)/(-28) + (-30)/8. Is s(o) a prime number?
True
Suppose 8 = w + 3*w, -2*f - w - 4 = 0. Let r(z) = 44*z**2 - z + 2. Is r(f) prime?
True
Let l be (4/8)/((-